{"id":15,"date":"2016-07-24T17:38:44","date_gmt":"2016-07-24T17:38:44","guid":{"rendered":"http:\/\/garten-landschaftspflege.info\/?page_id=15"},"modified":"2016-08-05T22:02:52","modified_gmt":"2016-08-05T22:02:52","slug":"home","status":"publish","type":"page","link":"https:\/\/garten-landschaftspflege.info\/","title":{"rendered":"Veikko Schoch &#8211; Garten &#038; Landschaftspflege"},"content":{"rendered":"<p><img loading=\"lazy\" class=\"alignright wp-image-36\" src=\"https:\/\/garten-landschaftspflege.info\/wp-content\/uploads\/2016\/07\/Logo_VSC-300x214.png\" alt=\"Logo_VSC\" width=\"350\" height=\"250\" srcset=\"https:\/\/garten-landschaftspflege.info\/wp-content\/uploads\/2016\/07\/Logo_VSC-300x214.png 300w, https:\/\/garten-landschaftspflege.info\/wp-content\/uploads\/2016\/07\/Logo_VSC-768x548.png 768w, https:\/\/garten-landschaftspflege.info\/wp-content\/uploads\/2016\/07\/Logo_VSC.png 938w\" sizes=\"(max-width: 350px) 100vw, 350px\" \/><\/p>\n<h5 style=\"text-align: left;\" align=\"center\"><\/h5>\n<p style=\"text-align: center;\">Willst Du f\u00fcr eine Stunde gl\u00fccklich sein, so betrinke Dich.<br \/>\nWillst Du f\u00fcr drei Tage gl\u00fccklich sein, so heirate.<br \/>\nWillst Du f\u00fcr acht Tage gl\u00fccklich sein,<br \/>\nso schlachte ein Schwein und gib ein Festessen.<br \/>\nWillst Du aber ein Leben lang gl\u00fccklich sein,<br \/>\nso schaffe Dir einen Garten.<\/p>\n<p style=\"text-align: center;\" align=\"center\"><em>&lt;&lt;japanische Weisheit &gt;&gt;<\/em><\/p>\n<p>&nbsp;<\/p>\n<p><img loading=\"lazy\" class=\"alignnone wp-image-59 size-full\" src=\"https:\/\/garten-landschaftspflege.info\/wp-content\/uploads\/2016\/07\/Eingang_mit_Huette.jpg\" alt=\"Eingang_mit_Huette\" width=\"1000\" height=\"563\" srcset=\"https:\/\/garten-landschaftspflege.info\/wp-content\/uploads\/2016\/07\/Eingang_mit_Huette.jpg 1000w, https:\/\/garten-landschaftspflege.info\/wp-content\/uploads\/2016\/07\/Eingang_mit_Huette-300x169.jpg 300w, https:\/\/garten-landschaftspflege.info\/wp-content\/uploads\/2016\/07\/Eingang_mit_Huette-768x432.jpg 768w\" sizes=\"(max-width: 1000px) 100vw, 1000px\" \/><\/p>\n","protected":false},"excerpt":{"rendered":"<p>Willst Du f\u00fcr eine Stunde gl\u00fccklich sein, so betrinke Dich. Willst Du f\u00fcr drei Tage gl\u00fccklich sein, so heirate. Willst Du f\u00fcr acht Tage gl\u00fccklich sein, so schlachte ein Schwein und gib ein Festessen. Willst Du aber ein Leben lang<\/p>\n","protected":false},"author":1,"featured_media":0,"parent":0,"menu_order":0,"comment_status":"closed","ping_status":"closed","template":"","meta":[],"_links":{"self":[{"href":"https:\/\/garten-landschaftspflege.info\/index.php?rest_route=\/wp\/v2\/pages\/15"}],"collection":[{"href":"https:\/\/garten-landschaftspflege.info\/index.php?rest_route=\/wp\/v2\/pages"}],"about":[{"href":"https:\/\/garten-landschaftspflege.info\/index.php?rest_route=\/wp\/v2\/types\/page"}],"author":[{"embeddable":true,"href":"https:\/\/garten-landschaftspflege.info\/index.php?rest_route=\/wp\/v2\/users\/1"}],"replies":[{"embeddable":true,"href":"https:\/\/garten-landschaftspflege.info\/index.php?rest_route=%2Fwp%2Fv2%2Fcomments&post=15"}],"version-history":[{"count":11,"href":"https:\/\/garten-landschaftspflege.info\/index.php?rest_route=\/wp\/v2\/pages\/15\/revisions"}],"predecessor-version":[{"id":123,"href":"https:\/\/garten-landschaftspflege.info\/index.php?rest_route=\/wp\/v2\/pages\/15\/revisions\/123"}],"wp:attachment":[{"href":"https:\/\/garten-landschaftspflege.info\/index.php?rest_route=%2Fwp%2Fv2%2Fmedia&parent=15"}],"curies":[{"name":"wp","href":"https:\/\/api.w.org\/{rel}","templated":true}]}}